to base 12.
2254
Convert -771 (base 8) to base 9.
-621
What is 1021231 (base 4) in base 10?
4717
4204 (base 5) to base 3
202112
-18567 (base 9) to base 7
-52330
1202100 (base 4) to base 14
2412
6426 (base 7) to base 13
105c
Convert -201201 (base 4) to base 16.
-861
What is 83bd (base 14) in base 13?
a449
-32001 (base 7) to base 6
-100310
-347b (base 13) to base 16
-1cc9
What is -3316 (base 11) in base 9?
-5888
2866 (base 9) to base 10
2166
What is 4452 (base 6) in base 10?
1040
What is -572 (base 11) in base 9?
-840
Convert 7387 (base 14) to base 13.
90ac
Convert 2220000 (base 3) to base 15.
956
Convert -20781 (base 9) to base 3.
-200212201
1423323 (base 5) to base 3
1111221010
What is 269 (base 14) in base 10?
485
Convert -fe66 (base 16) to base 14.
-19a3c
Convert -1112202012 (base 3) to base 12.
-15742
Convert 3010200 (base 5) to base 16.
b9be
Convert a00 (base 11) to base 9.
1584
Convert 23277 (base 9) to base 11.
10749
-1721 (base 9) to base 2
-10100100011
Convert -1122211222 (base 3) to base 14.
-bcb6
What is 50044 (base 6) in base 4?
1211230
What is -715 (base 12) in base 11?
-852
What is 2222 (base 4) in base 3?
20022
What is -100204 (base 6) in base 13?
-3760
What is -102421 (base 5) in base 11?
-268a
-9eff (base 16) to base 15
-c0d8
10 (base 10) to base 6
14
What is -41375 (base 8) in base 14?
-636d
Convert 104543 (base 8) to base 11.
24474
What is 3a (base 11) in base 5?
133
Convert 14204 (base 6) to base 15.
9e1
What is 773 (base 15) in base 14?
883
Convert -156 (base 13) to base 3.
-22220
Convert -30321233 (base 4) to base 11.
-36783
262 (base 12) to base 3
111102
-8251 (base 10) to base 14
-3015
What is -750 (base 8) in base 14?
-26c
What is 578 (base 9) in base 7?
1250
What is -213 (base 4) in base 6?
-103
5813 (base 11) to base 15
23e2
Convert 10021111 (base 3) to base 12.
1471
Convert -11110001101 (base 2) to base 6.
-12541
Convert 10110010110100 (base 2) to base 3.
120200212
What is 486 (base 10) in base 4?
13212
What is 111000111000 (base 2) in base 4?
320320
Convert -4554 (base 10) to base 3.
-20020200
What is 5695 (base 12) in base 5?
301432
What is -1010000100101 (base 2) in base 15?
-17dc
-21031231 (base 4) to base 5
-2201431
-211211020 (base 3) to base 6
-205010
Convert 6431 (base 13) to base 4.
3121022
What is 107733 (base 8) in base 3?
1212111222
-21825 (base 11) to base 8
-75570
What is -22110 (base 3) in base 7?
-444
-80d (base 15) to base 12
-1071
-1019 (base 12) to base 8
-3325
What is -1210210 (base 3) in base 15?
-5cc
-636 (base 14) to base 5
-14344
What is 816 (base 10) in base 3?
1010020
What is -5886 (base 14) in base 16?
-3c2e
2718 (base 9) to base 10
2042
Convert -4b49 (base 14) to base 9.
-20083
110100000 (base 2) to base 13
260
What is -2100112 (base 4) in base 2?
-10010000010110
2a019 (base 11) to base 14
1175a
Convert -14679 (base 13) to base 14.
-10035
Convert -20561 (base 7) to base 4.
-1033202
Convert 2595 (base 11) to base 10.
3371
-220120110 (base 3) to base 2
-100010111111001
Convert 33442 (base 5) to base 14.
c16
What is -1261 (base 15) in base 11?
-2a40
Convert 954 (base 10) to base 3.
1022100
What is 593 (base 10) in base 11?
49a
-d4 (base 14) to base 12
-136
What is 10012 (base 5) in base 3?
212102
320131 (base 4) to base 2
111000011101
Convert 33e6 (base 15) to base 4.
2230020
Convert 1850 (base 9) to base 7.
4101
What is 1001121212 (base 3) in base 16?
5183
-9909 (base 16) to base 13
-14aa8
Convert 112375 (base 8) to base 5.
2210031
Convert -51452 (base 6) to base 3.
-100102112
140302 (base 5) to base 14
2114
444 (base 5) to base 16
7c
-d561 (base 14) to base 12
-19315
-101001110101100 (base 2) to base 16
-53ac
Convert -4247 (base 8) to base 4.
-202213
What is -55063 (base 8) in base 3?
-1011200020
Convert 204 (base 12) to base 5.
2132
Convert a588 (base 12) to base 10.
18104
What is 27315 (base 9) in base 7?
104612
Convert -301 (base 6) to base 8.
-155
Convert 16a23 (base 11) to base 3.
1012201210
105 (base 16) to base 15
126
110000111 (base 2) to base 6
1451
Convert 8b3 (base 12) to base 6.
5543
Convert 525 (base 7) to base 9.
323
Convert -111130 (base 5) to base 6.
-30043
Convert -7703 (base 9) to base 15.
-1a33
-10422 (base 7) to base 10
-2613
-113000 (base 4) to base 9
-2015
-3404 (base 10) to base 15
-101e
What is -2a1 (base 12) in base 9?
-504
What is 58716 (base 9) in base 15?
b949
-3139 (base 11) to base 6
-31124
Convert -4542 (base 15) to base 2.
-11100101011111
-320121 (base 4) to base 15
-1109
1241 (base 8) to base 2
1010100001
What is 11010012 (base 3) in base 9?
4105
Convert 4ed9 (base 16) to base 8.
47331
Convert -10111110000001 (base 2) to base 3.
-121200102
What is -1297 (base 12) in base 2?
-100001010011
What is 310102 (base 4) in base 3?
11120221
Convert 58e9 (base 16) to base 8.
54351
Convert -20301 (base 11) to base 6.
-345130
211120101 (base 3) to base 12
9631
What is -1222122 (base 4) in base 9?
-10306
-143044 (base 6) to base 13
-628c
What is -1001110101111 (base 2) in base 10?
-5039
100221 (base 3) to base 9
327
What is 13023 (base 4) in base 2?
111001011
3722 (base 11) to base 12
2994
Convert -2040322 (base 5) to base 12.
-176b9
-10010000 (base 2) to base 3
-12100
-1000111000000010 (base 2) to base 13
-13716
Convert -1335 (base 9) to base 4.
-33230
Convert 1100011 (base 2) to base 8.
143
Convert -9ab (base 15) to base 8.
-4212
Convert -b60 (base 12) to base 16.
-678
Convert 557 (base 9) to base 15.
207
Convert -8478 (base 11) to base 15.
-34cc
Convert 220001 (base 3) to base 7.
1615
Convert 1011000110 (base 2) to base 7.
2033
-1183 (base 14) to base 15
-d8a
Convert 1111112 (base 3) to base 11.
905
Convert 2114 (base 5) to base 10.
284
What is 1017 (base 11) in base 16?
545
Convert 141 (base 15) to base 5.
2121
5ba7 (base 12) to base 5
312401
-1100110111010 (base 2) to base 16
-19ba
What is 82c4 (base 13) in base 11?
12641
31171 (base 9) to base 8
50115
What is 4302 (base 6) in base 5?
12344
What is -666a (base 15) in base 2?
-101010011000100
Convert -31030 (base 7) to base 4.
-1312033
Convert 4364 (base 8) to base 16.
8f4
What is 213 (base 5) in base 13?
46
7da9 (base 16) to base 7
162534
Convert 364 (base 9) to base 16.
12d
What is -2322 (base 5) in base 2?
-101010001
What is -74562 (base 8) in base 4?
-13211302
What is 13691 (base 10) in base 15?
40cb
Convert 1011000 (base 4) to base 2.
1000101000000
769 (base 13) to base 16
4f6
Convert -244 (base 12) to base 14.
-1a4
-155153 (base 6) to base 2
-11110000101101
Convert 2497 (base 16) to base 13.
4357
What is 110100111 (base 2) in base 8?
647
What is -1303 (base 6) in base 13?
-1c2
What is 1000111010 (base 2) in base 14?
2ca
11220221 (base 3) to base 15
10e4
What is -4341 (base 7) in base 12?
-a90
375 (base 8) to base 15
11d
What is -133 (base 4) in base 6?
-51
What is -1ab2 (base 14) in base 9?
-6600
1b0 (base 16) to base 6
2000
What is 117 (base 16) in base 10?
279
What is 303023 (base 4) in base 14?
129d
-69c (base 13) to base 15
-513
Convert 116 (base 12) to base 10.
162
What is 75 (base 16) in base 14?
85
Convert 516 (base 7) to base 11.
215
What is 1111 (base 14) in base 5?
43310
What is -2132 (base 8) in base 6?
-5054
-14423 (base 6) to base 4
-210033
What is -2521 (base 10) in base 4?
-213121
Convert 1341 (base 7) to base 2.
1000000111
What is -a4a (base 12) in base 8?
-2732
Convert 66 (base 14) to base 11.
82
Convert 1223 (base 13) to base 3.
10111222
What is 1001212002 (base 3) in base 10?
21035
-2032 (base 8) to base 14
-550
What is 102002 (base 3) in base 12?
20b
-10101111000 (base 2) to base 9
-1825
204 (base 15) to base 9
554
What is -10f (base 16) in base 6?
-1131
-10043 (base 7) to base 13
-1151
Convert 2939 (base 12) to base 8.
11275
-220310 (base 4) to base 9
-3522
What is -6551 (base 11) in base 16?
-21c7
44089 (base 10) to base 8
126071
What is -10270 (base 8) in base 9?
-5775
-950a (base 14) to base 4
-12101112
Convert -1001330 (base 5) to base 3.
-210201200
What is -20212 (base 5) in base 4?
-110123
What is 7a5 (base 15) in base 11?
1333
305 (base 15) to base 11
569
Convert 37bd (base 14) to base 12.
57a3
-1794 (base 10) to base 9
-2413
What is -133141 (base 6) in base 14?
-471b
What is 23135 (base 7) in base 5?
142111
Convert -12020 (base 6) to base 3.
-2101110
Convert 362a (base 13) to ba